{"id":570,"date":"2018-11-27T09:17:56","date_gmt":"2018-11-27T09:17:56","guid":{"rendered":"https:\/\/notariatocopilla.cl\/index.php\/contact\/"},"modified":"2023-06-23T18:11:27","modified_gmt":"2023-06-23T18:11:27","slug":"contacto","status":"publish","type":"page","link":"https:\/\/notariatocopilla.cl\/index.php\/contacto\/","title":{"rendered":"Contacto"},"content":{"rendered":"\t\t<div data-elementor-type=\"wp-post\" data-elementor-id=\"570\" class=\"elementor elementor-570\">\n\t\t\t\t\t\t<section class=\"elementor-section elementor-top-section elementor-element elementor-element-3906703 elementor-section-boxed elementor-section-height-default elementor-section-height-default\" data-id=\"3906703\" data-element_type=\"section\" data-e-type=\"section\" data-settings=\"{&quot;background_background&quot;:&quot;classic&quot;}\">\n\t\t\t\t\t\t\t<div class=\"elementor-background-overlay\"><\/div>\n\t\t\t\t\t\t\t<div class=\"elementor-container elementor-column-gap-default\">\n\t\t\t\t\t<div class=\"elementor-column elementor-col-100 elementor-top-column elementor-element elementor-element-24c9f1f\" data-id=\"24c9f1f\" data-element_type=\"column\" data-e-type=\"column\">\n\t\t\t<div class=\"elementor-widget-wrap elementor-element-populated\">\n\t\t\t\t\t\t<div class=\"elementor-element elementor-element-a5e247a animated-slow elementor-invisible elementor-widget elementor-widget-heading\" data-id=\"a5e247a\" data-element_type=\"widget\" data-e-type=\"widget\" data-settings=\"{&quot;_animation&quot;:&quot;fadeIn&quot;}\" data-widget_type=\"heading.default\">\n\t\t\t\t<div class=\"elementor-widget-container\">\n\t\t\t\t\t<h1 class=\"elementor-heading-title elementor-size-default\">Cont\u00e1ctanos<\/h1>\t\t\t\t<\/div>\n\t\t\t\t<\/div>\n\t\t\t\t\t<\/div>\n\t\t<\/div>\n\t\t\t\t\t<\/div>\n\t\t<\/section>\n\t\t\t\t<section class=\"elementor-section elementor-top-section elementor-element elementor-element-34cbd81 elementor-section-boxed elementor-section-height-default elementor-section-height-default\" data-id=\"34cbd81\" data-element_type=\"section\" data-e-type=\"section\" data-settings=\"{&quot;background_background&quot;:&quot;classic&quot;}\">\n\t\t\t\t\t\t<div class=\"elementor-container elementor-column-gap-default\">\n\t\t\t\t\t<div class=\"elementor-column elementor-col-66 elementor-top-column elementor-element elementor-element-1dfb88a\" data-id=\"1dfb88a\" data-element_type=\"column\" data-e-type=\"column\">\n\t\t\t<div class=\"elementor-widget-wrap elementor-element-populated\">\n\t\t\t\t\t\t<div class=\"elementor-element elementor-element-9137c3b elementor-widget elementor-widget-google_maps\" data-id=\"9137c3b\" data-element_type=\"widget\" data-e-type=\"widget\" data-widget_type=\"google_maps.default\">\n\t\t\t\t<div class=\"elementor-widget-container\">\n\t\t\t\t\t\t\t<div class=\"elementor-custom-embed\">\n\t\t\t<iframe loading=\"lazy\"\n\t\t\t\t\tsrc=\"https:\/\/maps.google.com\/maps?q=Col%C3%B3n%201277%20-%201281%20Tocopilla%20-%20Chile&#038;t=m&#038;z=15&#038;output=embed&#038;iwloc=near\"\n\t\t\t\t\ttitle=\"Col\u00f3n 1277 - 1281 Tocopilla - Chile\"\n\t\t\t\t\taria-label=\"Col\u00f3n 1277 - 1281 Tocopilla - Chile\"\n\t\t\t><\/iframe>\n\t\t<\/div>\n\t\t\t\t\t\t<\/div>\n\t\t\t\t<\/div>\n\t\t\t\t\t<\/div>\n\t\t<\/div>\n\t\t\t\t<div class=\"elementor-column elementor-col-33 elementor-top-column elementor-element elementor-element-2c2b69c\" data-id=\"2c2b69c\" data-element_type=\"column\" data-e-type=\"column\">\n\t\t\t<div class=\"elementor-widget-wrap elementor-element-populated\">\n\t\t\t\t\t\t<div class=\"elementor-element elementor-element-634d07d elementor-widget__width-initial elementor-widget elementor-widget-text-editor\" data-id=\"634d07d\" data-element_type=\"widget\" data-e-type=\"widget\" data-widget_type=\"text-editor.default\">\n\t\t\t\t<div class=\"elementor-widget-container\">\n\t\t\t\t\t\t\t\t\t<h3 style=\"font-family: Roboto, sans-serif; line-height: 1.1; color: #272727; margin-bottom: 10px; font-size: 24px; font-style: normal;\">\u00a0<\/h3><h3 style=\"font-family: Roboto, sans-serif; line-height: 1.1; color: #272727; margin-bottom: 10px; font-size: 24px; font-style: normal;\">\u00a0<\/h3><h3 style=\"font-family: Roboto, sans-serif; line-height: 1.1; color: #272727; margin-bottom: 10px; font-size: 24px; font-style: normal;\">Informaci\u00f3n de Contacto<\/h3><div>\u00a0<\/div><address style=\"margin-bottom: 20px; font-style: normal; line-height: 1.42857; color: #64686d; font-family: Roboto, sans-serif; font-size: 14px; font-weight: 400;\">Notar\u00eda, Conservador de Bienes Ra\u00edces y Archivero Judicial de Tocopilla<br \/>Tel\u00e9fono:\u00a0<a style=\"color: #213d94; transition: color 400ms ease 0s, background-color 400ms ease 0s;\" title=\"Llame desde su tel\u00e9fono m\u00f3vil\" href=\"tel:+552603461\">+55 2603461<\/a><br \/>E-Mail: <a style=\"color: #213d94; transition: color 400ms ease 0s, background-color 400ms ease 0s;\" title=\"E-Mail: notario@notariatocopilla.cl\" href=\"mailto:notario@notariatocopilla.cl\">contacto@notariatocopilla.cl<\/a><br \/>Col\u00f3n 1277 &#8211; 1281 Tocopilla &#8211; Chile<\/address><address style=\"margin-bottom: 20px; font-style: normal; line-height: 1.42857; color: #64686d; font-family: Roboto, sans-serif; font-size: 14px; font-weight: 400;\">\u00a0<\/address>\t\t\t\t\t\t\t\t<\/div>\n\t\t\t\t<\/div>\n\t\t\t\t\t<\/div>\n\t\t<\/div>\n\t\t\t\t\t<\/div>\n\t\t<\/section>\n\t\t\t\t<section class=\"elementor-section elementor-top-section elementor-element elementor-element-acfaecd elementor-section-boxed elementor-section-height-default elementor-section-height-default\" data-id=\"acfaecd\" data-element_type=\"section\" data-e-type=\"section\">\n\t\t\t\t\t\t<div class=\"elementor-container elementor-column-gap-default\">\n\t\t\t\t\t<div class=\"elementor-column elementor-col-100 elementor-top-column elementor-element elementor-element-e158dc0\" data-id=\"e158dc0\" data-element_type=\"column\" data-e-type=\"column\">\n\t\t\t<div class=\"elementor-widget-wrap\">\n\t\t\t\t\t<div class=\"elementor-background-overlay\"><\/div>\n\t\t\t\t\t\t\t<\/div>\n\t\t<\/div>\n\t\t\t\t\t<\/div>\n\t\t<\/section>\n\t\t\t\t<section class=\"elementor-section elementor-top-section elementor-element elementor-element-65f4960 elementor-section-boxed elementor-section-height-default elementor-section-height-default\" data-id=\"65f4960\" data-element_type=\"section\" data-e-type=\"section\">\n\t\t\t\t\t\t<div class=\"elementor-container elementor-column-gap-default\">\n\t\t\t\t\t<div class=\"elementor-column elementor-col-100 elementor-top-column elementor-element elementor-element-423d8b4\" data-id=\"423d8b4\" data-element_type=\"column\" data-e-type=\"column\">\n\t\t\t<div class=\"elementor-widget-wrap elementor-element-populated\">\n\t\t\t\t\t\t<div class=\"elementor-element elementor-element-132d81f animated-slow elementor-invisible elementor-widget elementor-widget-heading\" data-id=\"132d81f\" data-element_type=\"widget\" data-e-type=\"widget\" data-settings=\"{&quot;_animation&quot;:&quot;fadeIn&quot;}\" data-widget_type=\"heading.default\">\n\t\t\t\t<div class=\"elementor-widget-container\">\n\t\t\t\t\t<h2 class=\"elementor-heading-title elementor-size-default\">\u00bfEn que te podemos ayudar?<\/h2>\t\t\t\t<\/div>\n\t\t\t\t<\/div>\n\t\t\t\t<div class=\"elementor-element elementor-element-0282049 elementor-widget elementor-widget-wpforms\" data-id=\"0282049\" data-element_type=\"widget\" data-e-type=\"widget\" data-widget_type=\"wpforms.default\">\n\t\t\t\t<div class=\"elementor-widget-container\">\n\t\t\t\t\t<div class=\"wpforms-container \" id=\"wpforms-563\"><form id=\"wpforms-form-563\" class=\"wpforms-validate wpforms-form\" data-formid=\"563\" method=\"post\" enctype=\"multipart\/form-data\" action=\"\/index.php\/wp-json\/wp\/v2\/pages\/570\" data-token=\"285fb9b33f2b5d73585f8af41ad9fb13\" data-token-time=\"1777315266\"><noscript class=\"wpforms-error-noscript\">Por favor, activa JavaScript en tu navegador para completar este formulario.<\/noscript><div class=\"wpforms-field-container\"><div id=\"wpforms-563-field_0-container\" class=\"wpforms-field wpforms-field-name\" data-field-id=\"0\"><label class=\"wpforms-field-label wpforms-label-hide\" for=\"wpforms-563-field_0\">Tu Nombre <span class=\"wpforms-required-label\">*<\/span><\/label><input type=\"text\" id=\"wpforms-563-field_0\" class=\"wpforms-field-large wpforms-field-required\" name=\"wpforms[fields][0]\" placeholder=\"Nombre\" required><\/div><div id=\"wpforms-563-field_1-container\" class=\"wpforms-field wpforms-field-email\" data-field-id=\"1\"><label class=\"wpforms-field-label wpforms-label-hide\" for=\"wpforms-563-field_1\">Correo <span class=\"wpforms-required-label\">*<\/span><\/label><input type=\"email\" id=\"wpforms-563-field_1\" class=\"wpforms-field-large wpforms-field-required\" name=\"wpforms[fields][1]\" placeholder=\"Correo\" spellcheck=\"false\" required><\/div><div id=\"wpforms-563-field_2-container\" class=\"wpforms-field wpforms-field-textarea\" data-field-id=\"2\"><label class=\"wpforms-field-label wpforms-label-hide\" for=\"wpforms-563-field_2\">Mensaje  <span class=\"wpforms-required-label\">*<\/span><\/label><textarea id=\"wpforms-563-field_2\" class=\"wpforms-field-medium wpforms-field-required\" name=\"wpforms[fields][2]\" placeholder=\"Mensaje\" required><\/textarea><\/div><\/div><!-- .wpforms-field-container --><div class=\"wpforms-field wpforms-field-hp\"><label for=\"wpforms-563-field-hp\" class=\"wpforms-field-label\">Phone<\/label><input type=\"text\" name=\"wpforms[hp]\" id=\"wpforms-563-field-hp\" class=\"wpforms-field-medium\"><\/div><div class=\"wpforms-recaptcha-container wpforms-is-recaptcha wpforms-is-recaptcha-type-v2\" ><div class=\"g-recaptcha\" data-sitekey=\"6LdPBMQmAAAAAK3B_PfsASCUaNo_Qt4tZH5O2LKX\"><\/div><input type=\"text\" name=\"g-recaptcha-hidden\" class=\"wpforms-recaptcha-hidden\" style=\"position:absolute!important;clip:rect(0,0,0,0)!important;height:1px!important;width:1px!important;border:0!important;overflow:hidden!important;padding:0!important;margin:0!important;\" data-rule-recaptcha=\"1\"><\/div><div class=\"wpforms-submit-container\" ><input type=\"hidden\" name=\"wpforms[id]\" value=\"563\"><input type=\"hidden\" name=\"page_title\" value=\"\"><input type=\"hidden\" name=\"page_url\" value=\"https:\/\/notariatocopilla.cl\/index.php\/wp-json\/wp\/v2\/pages\/570\"><input type=\"hidden\" name=\"url_referer\" value=\"\"><button type=\"submit\" name=\"wpforms[submit]\" id=\"wpforms-submit-563\" class=\"wpforms-submit\" data-alt-text=\"Enviando...\" data-submit-text=\"Enviar Mensaje\" aria-live=\"assertive\" value=\"wpforms-submit\">Enviar Mensaje<\/button><\/div><\/form><\/div>  <!-- .wpforms-container -->\t\t\t\t<\/div>\n\t\t\t\t<\/div>\n\t\t\t\t<div class=\"elementor-element elementor-element-05d6570 elementor-widget elementor-widget-spacer\" data-id=\"05d6570\" data-element_type=\"widget\" data-e-type=\"widget\" data-widget_type=\"spacer.default\">\n\t\t\t\t<div class=\"elementor-widget-container\">\n\t\t\t\t\t\t\t<div class=\"elementor-spacer\">\n\t\t\t<div class=\"elementor-spacer-inner\"><\/div>\n\t\t<\/div>\n\t\t\t\t\t\t<\/div>\n\t\t\t\t<\/div>\n\t\t\t\t\t<\/div>\n\t\t<\/div>\n\t\t\t\t\t<\/div>\n\t\t<\/section>\n\t\t\t\t<\/div>\n\t\t","protected":false},"excerpt":{"rendered":"<p>Cont\u00e1ctanos \u00a0 \u00a0 Informaci\u00f3n de Contacto \u00a0 Notar\u00eda, Conservador de Bienes Ra\u00edces y Archivero Judicial de TocopillaTel\u00e9fono:\u00a0+55 2603461E-Mail: contacto@notariatocopilla.clCol\u00f3n 1277 &#8211; 1281 Tocopilla &#8211; Chile \u00a0 \u00bfEn que te podemos ayudar?<\/p>\n","protected":false},"author":1,"featured_media":0,"parent":0,"menu_order":0,"comment_status":"closed","ping_status":"closed","template":"","meta":{"site-sidebar-layout":"no-sidebar","site-content-layout":"page-builder","ast-global-header-display":"","ast-banner-title-visibility":"","ast-main-header-display":"","ast-hfb-above-header-display":"","ast-hfb-below-header-display":"","ast-hfb-mobile-header-display":"","site-post-title":"disabled","ast-breadcrumbs-content":"","ast-featured-img":"disabled","footer-sml-layout":"","theme-transparent-header-meta":"enabled","adv-header-id-meta":"","stick-header-meta":"","header-above-stick-meta":"","header-main-stick-meta":"","header-below-stick-meta":"","footnotes":""},"class_list":["post-570","page","type-page","status-publish","hentry"],"yoast_head":"<!-- This site is optimized with the Yoast SEO plugin v27.4 - https:\/\/yoast.com\/product\/yoast-seo-wordpress\/ -->\n<title>Contacto - Notaria Tocopilla<\/title>\n<meta name=\"description\" content=\"Notar\u00eda, Conservador de Bienes Ra\u00edces y Archivero Judicial de TocopillaTel\u00e9fono: +55 2603461E-Mail: notario@notariatocopilla.cl Col\u00f3n 1277 \u2013 1281 Tocopilla \u2013 Chile\" \/>\n<meta name=\"robots\" content=\"index, follow, max-snippet:-1, max-image-preview:large, max-video-preview:-1\" \/>\n<link rel=\"canonical\" href=\"https:\/\/notariatocopilla.cl\/index.php\/contacto\/\" \/>\n<meta property=\"og:locale\" content=\"es_ES\" \/>\n<meta property=\"og:type\" content=\"article\" \/>\n<meta property=\"og:title\" content=\"Contacto - Notaria Tocopilla\" \/>\n<meta property=\"og:description\" content=\"Notar\u00eda, Conservador de Bienes Ra\u00edces y Archivero Judicial de TocopillaTel\u00e9fono: +55 2603461E-Mail: notario@notariatocopilla.cl Col\u00f3n 1277 \u2013 1281 Tocopilla \u2013 Chile\" \/>\n<meta property=\"og:url\" content=\"https:\/\/notariatocopilla.cl\/index.php\/contacto\/\" \/>\n<meta property=\"og:site_name\" content=\"Notaria Tocopilla\" \/>\n<meta property=\"article:modified_time\" content=\"2023-06-23T18:11:27+00:00\" \/>\n<meta name=\"twitter:card\" content=\"summary_large_image\" \/>\n<meta name=\"twitter:label1\" content=\"Tiempo de lectura\" \/>\n\t<meta name=\"twitter:data1\" content=\"1 minuto\" \/>\n<script type=\"application\/ld+json\" class=\"yoast-schema-graph\">{\"@context\":\"https:\\\/\\\/schema.org\",\"@graph\":[{\"@type\":\"WebPage\",\"@id\":\"https:\\\/\\\/notariatocopilla.cl\\\/index.php\\\/contacto\\\/\",\"url\":\"https:\\\/\\\/notariatocopilla.cl\\\/index.php\\\/contacto\\\/\",\"name\":\"Contacto - Notaria Tocopilla\",\"isPartOf\":{\"@id\":\"https:\\\/\\\/notariatocopilla.cl\\\/#website\"},\"datePublished\":\"2018-11-27T09:17:56+00:00\",\"dateModified\":\"2023-06-23T18:11:27+00:00\",\"description\":\"Notar\u00eda, Conservador de Bienes Ra\u00edces y Archivero Judicial de TocopillaTel\u00e9fono: +55 2603461E-Mail: notario@notariatocopilla.cl Col\u00f3n 1277 \u2013 1281 Tocopilla \u2013 Chile\",\"breadcrumb\":{\"@id\":\"https:\\\/\\\/notariatocopilla.cl\\\/index.php\\\/contacto\\\/#breadcrumb\"},\"inLanguage\":\"es\",\"potentialAction\":[{\"@type\":\"ReadAction\",\"target\":[\"https:\\\/\\\/notariatocopilla.cl\\\/index.php\\\/contacto\\\/\"]}]},{\"@type\":\"BreadcrumbList\",\"@id\":\"https:\\\/\\\/notariatocopilla.cl\\\/index.php\\\/contacto\\\/#breadcrumb\",\"itemListElement\":[{\"@type\":\"ListItem\",\"position\":1,\"name\":\"Portada\",\"item\":\"https:\\\/\\\/notariatocopilla.cl\\\/\"},{\"@type\":\"ListItem\",\"position\":2,\"name\":\"Contacto\"}]},{\"@type\":\"WebSite\",\"@id\":\"https:\\\/\\\/notariatocopilla.cl\\\/#website\",\"url\":\"https:\\\/\\\/notariatocopilla.cl\\\/\",\"name\":\"Notaria Tocopilla\",\"description\":\"\",\"publisher\":{\"@id\":\"https:\\\/\\\/notariatocopilla.cl\\\/#\\\/schema\\\/person\\\/c0b11945de56687400e26192fa2b81c5\"},\"potentialAction\":[{\"@type\":\"SearchAction\",\"target\":{\"@type\":\"EntryPoint\",\"urlTemplate\":\"https:\\\/\\\/notariatocopilla.cl\\\/?s={search_term_string}\"},\"query-input\":{\"@type\":\"PropertyValueSpecification\",\"valueRequired\":true,\"valueName\":\"search_term_string\"}}],\"inLanguage\":\"es\"},{\"@type\":[\"Person\",\"Organization\"],\"@id\":\"https:\\\/\\\/notariatocopilla.cl\\\/#\\\/schema\\\/person\\\/c0b11945de56687400e26192fa2b81c5\",\"name\":\"admin\",\"image\":{\"@type\":\"ImageObject\",\"inLanguage\":\"es\",\"@id\":\"https:\\\/\\\/notariatocopilla.cl\\\/wp-content\\\/uploads\\\/2023\\\/06\\\/WhatsApp_Image_2023-06-06_at_23.48.13-removebg-preview.png\",\"url\":\"https:\\\/\\\/notariatocopilla.cl\\\/wp-content\\\/uploads\\\/2023\\\/06\\\/WhatsApp_Image_2023-06-06_at_23.48.13-removebg-preview.png\",\"contentUrl\":\"https:\\\/\\\/notariatocopilla.cl\\\/wp-content\\\/uploads\\\/2023\\\/06\\\/WhatsApp_Image_2023-06-06_at_23.48.13-removebg-preview.png\",\"width\":1001,\"height\":249,\"caption\":\"admin\"},\"logo\":{\"@id\":\"https:\\\/\\\/notariatocopilla.cl\\\/wp-content\\\/uploads\\\/2023\\\/06\\\/WhatsApp_Image_2023-06-06_at_23.48.13-removebg-preview.png\"},\"sameAs\":[\"https:\\\/\\\/notariatocopilla.cl\"]}]}<\/script>\n<!-- \/ Yoast SEO plugin. -->","yoast_head_json":{"title":"Contacto - Notaria Tocopilla","description":"Notar\u00eda, Conservador de Bienes Ra\u00edces y Archivero Judicial de TocopillaTel\u00e9fono: +55 2603461E-Mail: notario@notariatocopilla.cl Col\u00f3n 1277 \u2013 1281 Tocopilla \u2013 Chile","robots":{"index":"index","follow":"follow","max-snippet":"max-snippet:-1","max-image-preview":"max-image-preview:large","max-video-preview":"max-video-preview:-1"},"canonical":"https:\/\/notariatocopilla.cl\/index.php\/contacto\/","og_locale":"es_ES","og_type":"article","og_title":"Contacto - Notaria Tocopilla","og_description":"Notar\u00eda, Conservador de Bienes Ra\u00edces y Archivero Judicial de TocopillaTel\u00e9fono: +55 2603461E-Mail: notario@notariatocopilla.cl Col\u00f3n 1277 \u2013 1281 Tocopilla \u2013 Chile","og_url":"https:\/\/notariatocopilla.cl\/index.php\/contacto\/","og_site_name":"Notaria Tocopilla","article_modified_time":"2023-06-23T18:11:27+00:00","twitter_card":"summary_large_image","twitter_misc":{"Tiempo de lectura":"1 minuto"},"schema":{"@context":"https:\/\/schema.org","@graph":[{"@type":"WebPage","@id":"https:\/\/notariatocopilla.cl\/index.php\/contacto\/","url":"https:\/\/notariatocopilla.cl\/index.php\/contacto\/","name":"Contacto - Notaria Tocopilla","isPartOf":{"@id":"https:\/\/notariatocopilla.cl\/#website"},"datePublished":"2018-11-27T09:17:56+00:00","dateModified":"2023-06-23T18:11:27+00:00","description":"Notar\u00eda, Conservador de Bienes Ra\u00edces y Archivero Judicial de TocopillaTel\u00e9fono: +55 2603461E-Mail: notario@notariatocopilla.cl Col\u00f3n 1277 \u2013 1281 Tocopilla \u2013 Chile","breadcrumb":{"@id":"https:\/\/notariatocopilla.cl\/index.php\/contacto\/#breadcrumb"},"inLanguage":"es","potentialAction":[{"@type":"ReadAction","target":["https:\/\/notariatocopilla.cl\/index.php\/contacto\/"]}]},{"@type":"BreadcrumbList","@id":"https:\/\/notariatocopilla.cl\/index.php\/contacto\/#breadcrumb","itemListElement":[{"@type":"ListItem","position":1,"name":"Portada","item":"https:\/\/notariatocopilla.cl\/"},{"@type":"ListItem","position":2,"name":"Contacto"}]},{"@type":"WebSite","@id":"https:\/\/notariatocopilla.cl\/#website","url":"https:\/\/notariatocopilla.cl\/","name":"Notaria Tocopilla","description":"","publisher":{"@id":"https:\/\/notariatocopilla.cl\/#\/schema\/person\/c0b11945de56687400e26192fa2b81c5"},"potentialAction":[{"@type":"SearchAction","target":{"@type":"EntryPoint","urlTemplate":"https:\/\/notariatocopilla.cl\/?s={search_term_string}"},"query-input":{"@type":"PropertyValueSpecification","valueRequired":true,"valueName":"search_term_string"}}],"inLanguage":"es"},{"@type":["Person","Organization"],"@id":"https:\/\/notariatocopilla.cl\/#\/schema\/person\/c0b11945de56687400e26192fa2b81c5","name":"admin","image":{"@type":"ImageObject","inLanguage":"es","@id":"https:\/\/notariatocopilla.cl\/wp-content\/uploads\/2023\/06\/WhatsApp_Image_2023-06-06_at_23.48.13-removebg-preview.png","url":"https:\/\/notariatocopilla.cl\/wp-content\/uploads\/2023\/06\/WhatsApp_Image_2023-06-06_at_23.48.13-removebg-preview.png","contentUrl":"https:\/\/notariatocopilla.cl\/wp-content\/uploads\/2023\/06\/WhatsApp_Image_2023-06-06_at_23.48.13-removebg-preview.png","width":1001,"height":249,"caption":"admin"},"logo":{"@id":"https:\/\/notariatocopilla.cl\/wp-content\/uploads\/2023\/06\/WhatsApp_Image_2023-06-06_at_23.48.13-removebg-preview.png"},"sameAs":["https:\/\/notariatocopilla.cl"]}]}},"_links":{"self":[{"href":"https:\/\/notariatocopilla.cl\/index.php\/wp-json\/wp\/v2\/pages\/570","targetHints":{"allow":["GET"]}}],"collection":[{"href":"https:\/\/notariatocopilla.cl\/index.php\/wp-json\/wp\/v2\/pages"}],"about":[{"href":"https:\/\/notariatocopilla.cl\/index.php\/wp-json\/wp\/v2\/types\/page"}],"author":[{"embeddable":true,"href":"https:\/\/notariatocopilla.cl\/index.php\/wp-json\/wp\/v2\/users\/1"}],"replies":[{"embeddable":true,"href":"https:\/\/notariatocopilla.cl\/index.php\/wp-json\/wp\/v2\/comments?post=570"}],"version-history":[{"count":35,"href":"https:\/\/notariatocopilla.cl\/index.php\/wp-json\/wp\/v2\/pages\/570\/revisions"}],"predecessor-version":[{"id":1064,"href":"https:\/\/notariatocopilla.cl\/index.php\/wp-json\/wp\/v2\/pages\/570\/revisions\/1064"}],"wp:attachment":[{"href":"https:\/\/notariatocopilla.cl\/index.php\/wp-json\/wp\/v2\/media?parent=570"}],"curies":[{"name":"wp","href":"https:\/\/api.w.org\/{rel}","templated":true}]}}