{"id":568,"date":"2018-11-27T09:17:08","date_gmt":"2018-11-27T09:17:08","guid":{"rendered":"https:\/\/notariatocopilla.cl\/index.php\/about\/"},"modified":"2023-06-29T15:25:45","modified_gmt":"2023-06-29T15:25:45","slug":"quienes-somos","status":"publish","type":"page","link":"https:\/\/notariatocopilla.cl\/index.php\/quienes-somos\/","title":{"rendered":"Qui\u00e9nes Somos"},"content":{"rendered":"\t\t<div data-elementor-type=\"wp-post\" data-elementor-id=\"568\" class=\"elementor elementor-568\">\n\t\t\t\t\t\t<section class=\"elementor-section elementor-top-section elementor-element elementor-element-d7d8b56 elementor-section-boxed elementor-section-height-default elementor-section-height-default\" data-id=\"d7d8b56\" data-element_type=\"section\" data-e-type=\"section\" data-settings=\"{&quot;background_background&quot;:&quot;classic&quot;}\">\n\t\t\t\t\t\t\t<div class=\"elementor-background-overlay\"><\/div>\n\t\t\t\t\t\t\t<div class=\"elementor-container elementor-column-gap-default\">\n\t\t\t\t\t<div class=\"elementor-column elementor-col-100 elementor-top-column elementor-element elementor-element-fd69444\" data-id=\"fd69444\" data-element_type=\"column\" data-e-type=\"column\">\n\t\t\t<div class=\"elementor-widget-wrap elementor-element-populated\">\n\t\t\t\t\t\t<div class=\"elementor-element elementor-element-abcc2f2 animated-slow elementor-invisible elementor-widget elementor-widget-heading\" data-id=\"abcc2f2\" data-element_type=\"widget\" data-e-type=\"widget\" data-settings=\"{&quot;_animation&quot;:&quot;fadeIn&quot;}\" data-widget_type=\"heading.default\">\n\t\t\t\t<div class=\"elementor-widget-container\">\n\t\t\t\t\t<h1 class=\"elementor-heading-title elementor-size-default\">NUestro equipo<\/h1>\t\t\t\t<\/div>\n\t\t\t\t<\/div>\n\t\t\t\t\t<\/div>\n\t\t<\/div>\n\t\t\t\t\t<\/div>\n\t\t<\/section>\n\t\t\t\t<section class=\"elementor-section elementor-top-section elementor-element elementor-element-5c40d7b elementor-section-boxed elementor-section-height-default elementor-section-height-default\" data-id=\"5c40d7b\" data-element_type=\"section\" data-e-type=\"section\">\n\t\t\t\t\t\t<div class=\"elementor-container elementor-column-gap-default\">\n\t\t\t\t\t<div class=\"elementor-column elementor-col-50 elementor-top-column elementor-element elementor-element-2ebbf9c\" data-id=\"2ebbf9c\" data-element_type=\"column\" data-e-type=\"column\">\n\t\t\t<div class=\"elementor-widget-wrap elementor-element-populated\">\n\t\t\t\t\t\t<div class=\"elementor-element elementor-element-fe195c7 elementor-widget elementor-widget-heading\" data-id=\"fe195c7\" data-element_type=\"widget\" data-e-type=\"widget\" data-widget_type=\"heading.default\">\n\t\t\t\t<div class=\"elementor-widget-container\">\n\t\t\t\t\t<h2 class=\"elementor-heading-title elementor-size-default\">\u00bfQui\u00c9NES SOMOS?<\/h2>\t\t\t\t<\/div>\n\t\t\t\t<\/div>\n\t\t\t\t<div class=\"elementor-element elementor-element-dc051dd elementor-widget-divider--view-line elementor-widget elementor-widget-divider\" data-id=\"dc051dd\" data-element_type=\"widget\" data-e-type=\"widget\" data-widget_type=\"divider.default\">\n\t\t\t\t<div class=\"elementor-widget-container\">\n\t\t\t\t\t\t\t<div class=\"elementor-divider\">\n\t\t\t<span class=\"elementor-divider-separator\">\n\t\t\t\t\t\t<\/span>\n\t\t<\/div>\n\t\t\t\t\t\t<\/div>\n\t\t\t\t<\/div>\n\t\t\t\t<div class=\"elementor-element elementor-element-e5f497e elementor-widget elementor-widget-text-editor\" data-id=\"e5f497e\" data-element_type=\"widget\" data-e-type=\"widget\" data-widget_type=\"text-editor.default\">\n\t\t\t\t<div class=\"elementor-widget-container\">\n\t\t\t\t\t\t\t\t\t<p>Somos un equipo de profesionales legales comprometidos en brindar servicios notariales confiables y personalizados. Con una vasta experiencia en diversas \u00e1reas legales, nos enorgullece ofrecer asesoramiento integral y soluciones legales s\u00f3lidas a nuestros clientes. Nos destacamos por nuestra atenci\u00f3n al detalle, \u00e9tica profesional y compromiso con la excelencia. Conf\u00ede en nosotros para proteger sus derechos y proporcionarle tranquilidad legal en Tocopilla. Descubra c\u00f3mo podemos ayudarle en asuntos como contratos, compraventas de propiedades, testamentos, sucesiones y poderes notariales. Su satisfacci\u00f3n y confianza son nuestra prioridad. Cont\u00e1ctenos hoy mismo y experimente un servicio notarial excepcional.<\/p>\t\t\t\t\t\t\t\t<\/div>\n\t\t\t\t<\/div>\n\t\t\t\t\t<\/div>\n\t\t<\/div>\n\t\t\t\t<div class=\"elementor-column elementor-col-50 elementor-top-column elementor-element elementor-element-e5fdae0\" data-id=\"e5fdae0\" data-element_type=\"column\" data-e-type=\"column\">\n\t\t\t<div class=\"elementor-widget-wrap elementor-element-populated\">\n\t\t\t\t\t\t<div class=\"elementor-element elementor-element-96b5b53 elementor-widget elementor-widget-image\" data-id=\"96b5b53\" data-element_type=\"widget\" data-e-type=\"widget\" data-widget_type=\"image.default\">\n\t\t\t\t<div class=\"elementor-widget-container\">\n\t\t\t\t\t\t\t\t\t\t\t\t\t\t\t<img fetchpriority=\"high\" decoding=\"async\" width=\"2560\" height=\"1707\" src=\"https:\/\/notariatocopilla.cl\/wp-content\/uploads\/2023\/06\/pexels-kampus-production-8171217-scaled.jpg\" class=\"attachment-full size-full wp-image-1108\" alt=\"\" srcset=\"https:\/\/notariatocopilla.cl\/wp-content\/uploads\/2023\/06\/pexels-kampus-production-8171217-scaled.jpg 2560w, https:\/\/notariatocopilla.cl\/wp-content\/uploads\/2023\/06\/pexels-kampus-production-8171217-300x200.jpg 300w, https:\/\/notariatocopilla.cl\/wp-content\/uploads\/2023\/06\/pexels-kampus-production-8171217-1024x683.jpg 1024w, https:\/\/notariatocopilla.cl\/wp-content\/uploads\/2023\/06\/pexels-kampus-production-8171217-768x512.jpg 768w, https:\/\/notariatocopilla.cl\/wp-content\/uploads\/2023\/06\/pexels-kampus-production-8171217-1536x1024.jpg 1536w, https:\/\/notariatocopilla.cl\/wp-content\/uploads\/2023\/06\/pexels-kampus-production-8171217-2048x1365.jpg 2048w\" sizes=\"(max-width: 2560px) 100vw, 2560px\" \/>\t\t\t\t\t\t\t\t\t\t\t\t\t\t\t<\/div>\n\t\t\t\t<\/div>\n\t\t\t\t\t<\/div>\n\t\t<\/div>\n\t\t\t\t\t<\/div>\n\t\t<\/section>\n\t\t\t\t<section class=\"elementor-section elementor-top-section elementor-element elementor-element-fa6ef9b elementor-section-boxed elementor-section-height-default elementor-section-height-default\" data-id=\"fa6ef9b\" data-element_type=\"section\" data-e-type=\"section\">\n\t\t\t\t\t\t\t<div class=\"elementor-background-overlay\"><\/div>\n\t\t\t\t\t\t\t<div class=\"elementor-container elementor-column-gap-default\">\n\t\t\t\t\t<div class=\"elementor-column elementor-col-100 elementor-top-column elementor-element elementor-element-f233725\" data-id=\"f233725\" data-element_type=\"column\" data-e-type=\"column\">\n\t\t\t<div class=\"elementor-widget-wrap elementor-element-populated\">\n\t\t\t\t\t\t<div class=\"elementor-element elementor-element-8386807 elementor-widget elementor-widget-spacer\" data-id=\"8386807\" data-element_type=\"widget\" data-e-type=\"widget\" data-widget_type=\"spacer.default\">\n\t\t\t\t<div class=\"elementor-widget-container\">\n\t\t\t\t\t\t\t<div class=\"elementor-spacer\">\n\t\t\t<div class=\"elementor-spacer-inner\"><\/div>\n\t\t<\/div>\n\t\t\t\t\t\t<\/div>\n\t\t\t\t<\/div>\n\t\t\t\t<div class=\"elementor-element elementor-element-c285a3e elementor-widget elementor-widget-heading\" data-id=\"c285a3e\" data-element_type=\"widget\" data-e-type=\"widget\" data-widget_type=\"heading.default\">\n\t\t\t\t<div class=\"elementor-widget-container\">\n\t\t\t\t\t<h2 class=\"elementor-heading-title elementor-size-default\">Ubicaci\u00f3n<\/h2>\t\t\t\t<\/div>\n\t\t\t\t<\/div>\n\t\t\t\t<div class=\"elementor-element elementor-element-dd10db3 elementor-widget-divider--view-line elementor-widget elementor-widget-divider\" data-id=\"dd10db3\" data-element_type=\"widget\" data-e-type=\"widget\" data-widget_type=\"divider.default\">\n\t\t\t\t<div class=\"elementor-widget-container\">\n\t\t\t\t\t\t\t<div class=\"elementor-divider\">\n\t\t\t<span class=\"elementor-divider-separator\">\n\t\t\t\t\t\t<\/span>\n\t\t<\/div>\n\t\t\t\t\t\t<\/div>\n\t\t\t\t<\/div>\n\t\t\t\t<div class=\"elementor-element elementor-element-4af972f elementor-widget elementor-widget-spacer\" data-id=\"4af972f\" data-element_type=\"widget\" data-e-type=\"widget\" data-widget_type=\"spacer.default\">\n\t\t\t\t<div class=\"elementor-widget-container\">\n\t\t\t\t\t\t\t<div class=\"elementor-spacer\">\n\t\t\t<div class=\"elementor-spacer-inner\"><\/div>\n\t\t<\/div>\n\t\t\t\t\t\t<\/div>\n\t\t\t\t<\/div>\n\t\t\t\t<div class=\"elementor-element elementor-element-5bfc9bc elementor-widget elementor-widget-google_maps\" data-id=\"5bfc9bc\" data-element_type=\"widget\" data-e-type=\"widget\" data-widget_type=\"google_maps.default\">\n\t\t\t\t<div class=\"elementor-widget-container\">\n\t\t\t\t\t\t\t<div class=\"elementor-custom-embed\">\n\t\t\t<iframe loading=\"lazy\"\n\t\t\t\t\tsrc=\"https:\/\/maps.google.com\/maps?q=Col%C3%B3n%201277%2C%201340764%20Tocopilla%2C%20Antofagasta&#038;t=m&#038;z=15&#038;output=embed&#038;iwloc=near\"\n\t\t\t\t\ttitle=\"Col\u00f3n 1277, 1340764 Tocopilla, Antofagasta\"\n\t\t\t\t\taria-label=\"Col\u00f3n 1277, 1340764 Tocopilla, Antofagasta\"\n\t\t\t><\/iframe>\n\t\t<\/div>\n\t\t\t\t\t\t<\/div>\n\t\t\t\t<\/div>\n\t\t\t\t\t<\/div>\n\t\t<\/div>\n\t\t\t\t\t<\/div>\n\t\t<\/section>\n\t\t\t\t<section class=\"elementor-section elementor-top-section elementor-element elementor-element-b2d8fc9 elementor-section-boxed elementor-section-height-default elementor-section-height-default\" data-id=\"b2d8fc9\" data-element_type=\"section\" data-e-type=\"section\">\n\t\t\t\t\t\t<div class=\"elementor-container elementor-column-gap-default\">\n\t\t\t\t\t<div class=\"elementor-column elementor-col-100 elementor-top-column elementor-element elementor-element-7bee92f\" data-id=\"7bee92f\" data-element_type=\"column\" data-e-type=\"column\">\n\t\t\t<div class=\"elementor-widget-wrap elementor-element-populated\">\n\t\t\t\t\t\t<div class=\"elementor-element elementor-element-9fa6e38 elementor-widget elementor-widget-spacer\" data-id=\"9fa6e38\" data-element_type=\"widget\" data-e-type=\"widget\" data-widget_type=\"spacer.default\">\n\t\t\t\t<div class=\"elementor-widget-container\">\n\t\t\t\t\t\t\t<div class=\"elementor-spacer\">\n\t\t\t<div class=\"elementor-spacer-inner\"><\/div>\n\t\t<\/div>\n\t\t\t\t\t\t<\/div>\n\t\t\t\t<\/div>\n\t\t\t\t\t<\/div>\n\t\t<\/div>\n\t\t\t\t\t<\/div>\n\t\t<\/section>\n\t\t\t\t<\/div>\n\t\t","protected":false},"excerpt":{"rendered":"<p>NUestro equipo \u00bfQui\u00c9NES SOMOS? Somos un equipo de profesionales legales comprometidos en brindar servicios notariales confiables y personalizados. Con una vasta experiencia en diversas \u00e1reas legales, nos enorgullece ofrecer asesoramiento integral y soluciones legales s\u00f3lidas a nuestros clientes. Nos destacamos por nuestra atenci\u00f3n al detalle, \u00e9tica profesional y compromiso con la excelencia. Conf\u00ede en nosotros &hellip;<\/p>\n<p class=\"read-more\"> <a class=\"\" href=\"https:\/\/notariatocopilla.cl\/index.php\/quienes-somos\/\"> <span class=\"screen-reader-text\">Qui\u00e9nes Somos<\/span> Leer m\u00e1s &raquo;<\/a><\/p>\n","protected":false},"author":1,"featured_media":0,"parent":0,"menu_order":0,"comment_status":"closed","ping_status":"closed","template":"","meta":{"site-sidebar-layout":"no-sidebar","site-content-layout":"page-builder","ast-global-header-display":"","ast-banner-title-visibility":"","ast-main-header-display":"","ast-hfb-above-header-display":"","ast-hfb-below-header-display":"","ast-hfb-mobile-header-display":"","site-post-title":"disabled","ast-breadcrumbs-content":"","ast-featured-img":"disabled","footer-sml-layout":"","theme-transparent-header-meta":"enabled","adv-header-id-meta":"","stick-header-meta":"","header-above-stick-meta":"","header-main-stick-meta":"","header-below-stick-meta":"","footnotes":""},"class_list":["post-568","page","type-page","status-publish","hentry"],"yoast_head":"<!-- This site is optimized with the Yoast SEO plugin v27.4 - https:\/\/yoast.com\/product\/yoast-seo-wordpress\/ -->\n<title>Qui\u00e9nes Somos - Notaria Tocopilla<\/title>\n<meta name=\"description\" content=\"Nos destacamos por nuestra atenci\u00f3n al detalle, \u00e9tica profesional y compromiso con la excelencia. Conf\u00ede en nosotros para proteger sus derechos y proporcionarle tranquilidad legal\" \/>\n<meta name=\"robots\" content=\"index, follow, max-snippet:-1, max-image-preview:large, max-video-preview:-1\" \/>\n<link rel=\"canonical\" href=\"https:\/\/notariatocopilla.cl\/index.php\/quienes-somos\/\" \/>\n<meta property=\"og:locale\" content=\"es_ES\" \/>\n<meta property=\"og:type\" content=\"article\" \/>\n<meta property=\"og:title\" content=\"Qui\u00e9nes Somos - Notaria Tocopilla\" \/>\n<meta property=\"og:description\" content=\"Nos destacamos por nuestra atenci\u00f3n al detalle, \u00e9tica profesional y compromiso con la excelencia. Conf\u00ede en nosotros para proteger sus derechos y proporcionarle tranquilidad legal\" \/>\n<meta property=\"og:url\" content=\"https:\/\/notariatocopilla.cl\/index.php\/quienes-somos\/\" \/>\n<meta property=\"og:site_name\" content=\"Notaria Tocopilla\" \/>\n<meta property=\"article:modified_time\" content=\"2023-06-29T15:25:45+00:00\" \/>\n<meta property=\"og:image\" content=\"https:\/\/notariatocopilla.cl\/wp-content\/uploads\/2023\/06\/pexels-kampus-production-8171217-scaled.jpg\" \/>\n<meta name=\"twitter:card\" content=\"summary_large_image\" \/>\n<meta name=\"twitter:label1\" content=\"Tiempo de lectura\" \/>\n\t<meta name=\"twitter:data1\" content=\"1 minuto\" \/>\n<script type=\"application\/ld+json\" class=\"yoast-schema-graph\">{\"@context\":\"https:\\\/\\\/schema.org\",\"@graph\":[{\"@type\":\"WebPage\",\"@id\":\"https:\\\/\\\/notariatocopilla.cl\\\/index.php\\\/quienes-somos\\\/\",\"url\":\"https:\\\/\\\/notariatocopilla.cl\\\/index.php\\\/quienes-somos\\\/\",\"name\":\"Qui\u00e9nes Somos - Notaria Tocopilla\",\"isPartOf\":{\"@id\":\"https:\\\/\\\/notariatocopilla.cl\\\/#website\"},\"primaryImageOfPage\":{\"@id\":\"https:\\\/\\\/notariatocopilla.cl\\\/index.php\\\/quienes-somos\\\/#primaryimage\"},\"image\":{\"@id\":\"https:\\\/\\\/notariatocopilla.cl\\\/index.php\\\/quienes-somos\\\/#primaryimage\"},\"thumbnailUrl\":\"https:\\\/\\\/notariatocopilla.cl\\\/wp-content\\\/uploads\\\/2023\\\/06\\\/pexels-kampus-production-8171217-scaled.jpg\",\"datePublished\":\"2018-11-27T09:17:08+00:00\",\"dateModified\":\"2023-06-29T15:25:45+00:00\",\"description\":\"Nos destacamos por nuestra atenci\u00f3n al detalle, \u00e9tica profesional y compromiso con la excelencia. Conf\u00ede en nosotros para proteger sus derechos y proporcionarle tranquilidad legal\",\"breadcrumb\":{\"@id\":\"https:\\\/\\\/notariatocopilla.cl\\\/index.php\\\/quienes-somos\\\/#breadcrumb\"},\"inLanguage\":\"es\",\"potentialAction\":[{\"@type\":\"ReadAction\",\"target\":[\"https:\\\/\\\/notariatocopilla.cl\\\/index.php\\\/quienes-somos\\\/\"]}]},{\"@type\":\"ImageObject\",\"inLanguage\":\"es\",\"@id\":\"https:\\\/\\\/notariatocopilla.cl\\\/index.php\\\/quienes-somos\\\/#primaryimage\",\"url\":\"https:\\\/\\\/notariatocopilla.cl\\\/wp-content\\\/uploads\\\/2023\\\/06\\\/pexels-kampus-production-8171217-scaled.jpg\",\"contentUrl\":\"https:\\\/\\\/notariatocopilla.cl\\\/wp-content\\\/uploads\\\/2023\\\/06\\\/pexels-kampus-production-8171217-scaled.jpg\",\"width\":2560,\"height\":1707},{\"@type\":\"BreadcrumbList\",\"@id\":\"https:\\\/\\\/notariatocopilla.cl\\\/index.php\\\/quienes-somos\\\/#breadcrumb\",\"itemListElement\":[{\"@type\":\"ListItem\",\"position\":1,\"name\":\"Portada\",\"item\":\"https:\\\/\\\/notariatocopilla.cl\\\/\"},{\"@type\":\"ListItem\",\"position\":2,\"name\":\"Qui\u00e9nes Somos\"}]},{\"@type\":\"WebSite\",\"@id\":\"https:\\\/\\\/notariatocopilla.cl\\\/#website\",\"url\":\"https:\\\/\\\/notariatocopilla.cl\\\/\",\"name\":\"Notaria Tocopilla\",\"description\":\"\",\"publisher\":{\"@id\":\"https:\\\/\\\/notariatocopilla.cl\\\/#\\\/schema\\\/person\\\/c0b11945de56687400e26192fa2b81c5\"},\"potentialAction\":[{\"@type\":\"SearchAction\",\"target\":{\"@type\":\"EntryPoint\",\"urlTemplate\":\"https:\\\/\\\/notariatocopilla.cl\\\/?s={search_term_string}\"},\"query-input\":{\"@type\":\"PropertyValueSpecification\",\"valueRequired\":true,\"valueName\":\"search_term_string\"}}],\"inLanguage\":\"es\"},{\"@type\":[\"Person\",\"Organization\"],\"@id\":\"https:\\\/\\\/notariatocopilla.cl\\\/#\\\/schema\\\/person\\\/c0b11945de56687400e26192fa2b81c5\",\"name\":\"admin\",\"image\":{\"@type\":\"ImageObject\",\"inLanguage\":\"es\",\"@id\":\"https:\\\/\\\/notariatocopilla.cl\\\/wp-content\\\/uploads\\\/2023\\\/06\\\/WhatsApp_Image_2023-06-06_at_23.48.13-removebg-preview.png\",\"url\":\"https:\\\/\\\/notariatocopilla.cl\\\/wp-content\\\/uploads\\\/2023\\\/06\\\/WhatsApp_Image_2023-06-06_at_23.48.13-removebg-preview.png\",\"contentUrl\":\"https:\\\/\\\/notariatocopilla.cl\\\/wp-content\\\/uploads\\\/2023\\\/06\\\/WhatsApp_Image_2023-06-06_at_23.48.13-removebg-preview.png\",\"width\":1001,\"height\":249,\"caption\":\"admin\"},\"logo\":{\"@id\":\"https:\\\/\\\/notariatocopilla.cl\\\/wp-content\\\/uploads\\\/2023\\\/06\\\/WhatsApp_Image_2023-06-06_at_23.48.13-removebg-preview.png\"},\"sameAs\":[\"https:\\\/\\\/notariatocopilla.cl\"]}]}<\/script>\n<!-- \/ Yoast SEO plugin. -->","yoast_head_json":{"title":"Qui\u00e9nes Somos - Notaria Tocopilla","description":"Nos destacamos por nuestra atenci\u00f3n al detalle, \u00e9tica profesional y compromiso con la excelencia. Conf\u00ede en nosotros para proteger sus derechos y proporcionarle tranquilidad legal","robots":{"index":"index","follow":"follow","max-snippet":"max-snippet:-1","max-image-preview":"max-image-preview:large","max-video-preview":"max-video-preview:-1"},"canonical":"https:\/\/notariatocopilla.cl\/index.php\/quienes-somos\/","og_locale":"es_ES","og_type":"article","og_title":"Qui\u00e9nes Somos - Notaria Tocopilla","og_description":"Nos destacamos por nuestra atenci\u00f3n al detalle, \u00e9tica profesional y compromiso con la excelencia. Conf\u00ede en nosotros para proteger sus derechos y proporcionarle tranquilidad legal","og_url":"https:\/\/notariatocopilla.cl\/index.php\/quienes-somos\/","og_site_name":"Notaria Tocopilla","article_modified_time":"2023-06-29T15:25:45+00:00","og_image":[{"url":"https:\/\/notariatocopilla.cl\/wp-content\/uploads\/2023\/06\/pexels-kampus-production-8171217-scaled.jpg","type":"","width":"","height":""}],"twitter_card":"summary_large_image","twitter_misc":{"Tiempo de lectura":"1 minuto"},"schema":{"@context":"https:\/\/schema.org","@graph":[{"@type":"WebPage","@id":"https:\/\/notariatocopilla.cl\/index.php\/quienes-somos\/","url":"https:\/\/notariatocopilla.cl\/index.php\/quienes-somos\/","name":"Qui\u00e9nes Somos - Notaria Tocopilla","isPartOf":{"@id":"https:\/\/notariatocopilla.cl\/#website"},"primaryImageOfPage":{"@id":"https:\/\/notariatocopilla.cl\/index.php\/quienes-somos\/#primaryimage"},"image":{"@id":"https:\/\/notariatocopilla.cl\/index.php\/quienes-somos\/#primaryimage"},"thumbnailUrl":"https:\/\/notariatocopilla.cl\/wp-content\/uploads\/2023\/06\/pexels-kampus-production-8171217-scaled.jpg","datePublished":"2018-11-27T09:17:08+00:00","dateModified":"2023-06-29T15:25:45+00:00","description":"Nos destacamos por nuestra atenci\u00f3n al detalle, \u00e9tica profesional y compromiso con la excelencia. Conf\u00ede en nosotros para proteger sus derechos y proporcionarle tranquilidad legal","breadcrumb":{"@id":"https:\/\/notariatocopilla.cl\/index.php\/quienes-somos\/#breadcrumb"},"inLanguage":"es","potentialAction":[{"@type":"ReadAction","target":["https:\/\/notariatocopilla.cl\/index.php\/quienes-somos\/"]}]},{"@type":"ImageObject","inLanguage":"es","@id":"https:\/\/notariatocopilla.cl\/index.php\/quienes-somos\/#primaryimage","url":"https:\/\/notariatocopilla.cl\/wp-content\/uploads\/2023\/06\/pexels-kampus-production-8171217-scaled.jpg","contentUrl":"https:\/\/notariatocopilla.cl\/wp-content\/uploads\/2023\/06\/pexels-kampus-production-8171217-scaled.jpg","width":2560,"height":1707},{"@type":"BreadcrumbList","@id":"https:\/\/notariatocopilla.cl\/index.php\/quienes-somos\/#breadcrumb","itemListElement":[{"@type":"ListItem","position":1,"name":"Portada","item":"https:\/\/notariatocopilla.cl\/"},{"@type":"ListItem","position":2,"name":"Qui\u00e9nes Somos"}]},{"@type":"WebSite","@id":"https:\/\/notariatocopilla.cl\/#website","url":"https:\/\/notariatocopilla.cl\/","name":"Notaria Tocopilla","description":"","publisher":{"@id":"https:\/\/notariatocopilla.cl\/#\/schema\/person\/c0b11945de56687400e26192fa2b81c5"},"potentialAction":[{"@type":"SearchAction","target":{"@type":"EntryPoint","urlTemplate":"https:\/\/notariatocopilla.cl\/?s={search_term_string}"},"query-input":{"@type":"PropertyValueSpecification","valueRequired":true,"valueName":"search_term_string"}}],"inLanguage":"es"},{"@type":["Person","Organization"],"@id":"https:\/\/notariatocopilla.cl\/#\/schema\/person\/c0b11945de56687400e26192fa2b81c5","name":"admin","image":{"@type":"ImageObject","inLanguage":"es","@id":"https:\/\/notariatocopilla.cl\/wp-content\/uploads\/2023\/06\/WhatsApp_Image_2023-06-06_at_23.48.13-removebg-preview.png","url":"https:\/\/notariatocopilla.cl\/wp-content\/uploads\/2023\/06\/WhatsApp_Image_2023-06-06_at_23.48.13-removebg-preview.png","contentUrl":"https:\/\/notariatocopilla.cl\/wp-content\/uploads\/2023\/06\/WhatsApp_Image_2023-06-06_at_23.48.13-removebg-preview.png","width":1001,"height":249,"caption":"admin"},"logo":{"@id":"https:\/\/notariatocopilla.cl\/wp-content\/uploads\/2023\/06\/WhatsApp_Image_2023-06-06_at_23.48.13-removebg-preview.png"},"sameAs":["https:\/\/notariatocopilla.cl"]}]}},"_links":{"self":[{"href":"https:\/\/notariatocopilla.cl\/index.php\/wp-json\/wp\/v2\/pages\/568","targetHints":{"allow":["GET"]}}],"collection":[{"href":"https:\/\/notariatocopilla.cl\/index.php\/wp-json\/wp\/v2\/pages"}],"about":[{"href":"https:\/\/notariatocopilla.cl\/index.php\/wp-json\/wp\/v2\/types\/page"}],"author":[{"embeddable":true,"href":"https:\/\/notariatocopilla.cl\/index.php\/wp-json\/wp\/v2\/users\/1"}],"replies":[{"embeddable":true,"href":"https:\/\/notariatocopilla.cl\/index.php\/wp-json\/wp\/v2\/comments?post=568"}],"version-history":[{"count":42,"href":"https:\/\/notariatocopilla.cl\/index.php\/wp-json\/wp\/v2\/pages\/568\/revisions"}],"predecessor-version":[{"id":1111,"href":"https:\/\/notariatocopilla.cl\/index.php\/wp-json\/wp\/v2\/pages\/568\/revisions\/1111"}],"wp:attachment":[{"href":"https:\/\/notariatocopilla.cl\/index.php\/wp-json\/wp\/v2\/media?parent=568"}],"curies":[{"name":"wp","href":"https:\/\/api.w.org\/{rel}","templated":true}]}}